eds digit of 1428?
4
What is the units digit of 674?
4
What is the hundreds digit of 12055?
0
What is the thousands digit of 79665?
9
What is the hundreds digit of 51982?
9
What is the thousands digit of 1259?
1
What is the thousands digit of 2275?
2
What is the thousands digit of 2805?
2
What is the hundreds digit of 5163?
1
What is the tens digit of 2463?
6
What is the tens digit of 2227?
2
What is the hundreds digit of 3316?
3
What is the ten thousands digit of 54828?
5
What is the tens digit of 3483?
8
What is the units digit of 1294?
4
What is the tens digit of 457?
5
What is the tens digit of 227?
2
What is the tens digit of 62?
6
What is the thousands digit of 1383?
1
What is the thousands digit of 127165?
7
What is the tens digit of 241?
4
What is the tens digit of 147?
4
What is the units digit of 31022?
2
What is the units digit of 67521?
1
What is the thousands digit of 6579?
6
What is the tens digit of 1564?
6
What is the tens digit of 3244?
4
What is the units digit of 7962?
2
What is the hundreds digit of 6192?
1
What is the units digit of 2829?
9
What is the units digit of 642?
2
What is the units digit of 229?
9
What is the tens digit of 27255?
5
What is the thousands digit of 6404?
6
What is the ten thousands digit of 149910?
4
What is the hundreds digit of 2483?
4
What is the tens digit of 12516?
1
What is the hundreds digit of 1517?
5
What is the hundred thousands digit of 153208?
1
What is the thousands digit of 185324?
5
What is the tens digit of 2244?
4
What is the ten thousands digit of 35957?
3
What is the units digit of 98?
8
What is the hundreds digit of 3134?
1
What is the tens digit of 4224?
2
What is the hundreds digit of 5329?
3
What is the units digit of 2400?
0
What is the tens digit of 1053?
5
What is the thousands digit of 1061?
1
What is the tens digit of 26?
2
What is the thousands digit of 4931?
4
What is the units digit of 2465?
5
What is the tens digit of 19558?
5
What is the units digit of 710?
0
What is the tens digit of 12064?
6
What is the thousands digit of 116774?
6
What is the thousands digit of 10560?
0
What is the tens digit of 840?
4
What is the thousands digit of 1071?
1
What is the units digit of 17033?
3
What is the tens digit of 520?
2
What is the ten thousands digit of 90082?
9
What is the units digit of 10517?
7
What is the units digit of 8085?
5
What is the thousands digit of 189963?
9
What is the ten thousands digit of 105389?
0
What is the thousands digit of 8702?
8
What is the units digit of 1052?
2
What is the thousands digit of 5750?
5
What is the thousands digit of 2782?
2
What is the hundreds digit of 1148?
1
What is the units digit of 788?
8
What is the units digit of 76253?
3
What is the tens digit of 3988?
8
What is the thousands digit of 3578?
3
What is the hundreds digit of 34897?
8
What is the ten thousands digit of 141819?
4
What is the tens digit of 1609?
0
What is the thousands digit of 14381?
4
What is the units digit of 4708?
8
What is the thousands digit of 5370?
5
What is the units digit of 26214?
4
What is the ten thousands digit of 41010?
4
What is the thousands digit of 5653?
5
What is the units digit of 1179?
9
What is the tens digit of 3166?
6
What is the units digit of 1482?
2
What is the hundreds digit of 1684?
6
What is the thousands digit of 1991?
1
What is the tens digit of 279?
7
What is the tens digit of 15189?
8
What is the thousands digit of 8840?
8
What is the thousands digit of 101514?
1
What is the hundreds digit of 737?
7
What is the tens digit of 81309?
0
What is the hundreds digit of 31183?
1
What is the tens digit of 12771?
7
What is the tens digit of 57058?
5
What is the thousands digit of 11542?
1
What is the hundreds digit of 88482?
4
What is the ten thousands digit of 75092?
7
What is the units digit of 48848?
8
What is the thousands digit of 1238?
1
What is the hundred thousands digit of 152504?
1
What is the units digit of 1282?
2
What is the ten thousands digit of 15190?
1
What is the tens digit of 6206?
0
What is the units digit of 44?
4
What is the tens digit of 1207?
0
What is the ten thousands digit of 60262?
6
What is the tens digit of 2488?
8
What is the hundreds digit of 884?
8
What is the tens digit of 1477?
7
What is the tens digit of 53268?
6
What is the units digit of 31048?
8
What is the hundreds digit of 920?
9
What is the ten thousands digit of 12190?
1
What is the units digit of 128105?
5
What is the hundreds digit of 124?
1
What is the units digit of 3254?
4
What is the ten thousands digit of 33271?
3
What is the hundreds digit of 974?
9
What is the hundreds digit of 4183?
1
What is the thousands digit of 8291?
8
What is the units digit of 10639?
9
What is the hundreds digit of 3737?
7
What is the tens digit of 29826?
2
What is the tens digit of 50240?
4
What is the tens digit of 3005?
0
What is the hundreds digit of 1717?
7
What is the ten thousands digit of 95320?
9
What is the thousands digit of 2659?
2
What is the units digit of 80852?
2
What is the units digit of 962?
2
What is the thousands digit of 8603?
8
What is the thousands digit of 15724?
5
What is the hundreds digit of 2029?
0
What is the thousands digit of 9385?
9
What is the hundreds digit of 175?
1
What is the tens digit of 3892?
9
What is the hundreds digit of 868?
8
What is the units digit of 884?
4
What is the tens digit of 59227?
2
What is the hundreds digit of 892?
8
What is the units digit of 11886?
6
What is the thousands digit of 12072?
2
What is the thousands digit of 50061?
0
What is the thousands digit of 2937?
2
What is the hundreds digit of 103233?
2
What is the thousands digit of 1590?
1
What is the tens digit of 1593?
9
What is the thousands digit of 3583?
3
What is the ten thousands digit of 23625?
2
What is the tens digit of 1627?
2
What is the tens digit of 891?
9
What is the thousands digit of 2124?
2
What is the hundreds digit of 136007?
0
What is the thousands digit of 11072?
1
What is the hundreds digit of 1333?
3
What is the ten thousands digit of 37830?
3
What is the units digit of 6193?
3
What is the units digit of 2856?
6
What is the thousands digit of 38090?
8
What is the hundreds digit of 32677?
6
What is the hundreds digit of 277?
2
What is the tens digit of 9246?
4
What is the thousands digit of 9811?
9
What is the hundreds digit of 6498?
4
What is the units digit of 19641?
1
What is the thousands digit of 29039?
9
What is the thousands digit of 28398?
8
What is the thousands digit of 2920?
2
What is the units digit of 8729?
9
What is the tens digit of 81603?
0
What is the tens digit of 119342?
4
What is the hundreds digit of 3515?
5
What is the units digit of 1542?
2
What is the ten thousands digit of 42873?
4
What is the units digit of 1998?
8
What is the tens digit of 9199?
9
What is the ten thousands digit of 30191?
3
What is the units digit of 2018?
8
What is the units digit of 810?
0
What is the units digit of 15972?
2
What is the ten thousands digit of 84086?
8
What is the ten thousands digit of 12802?
1
What is the tens digit of 79?
7
What is the tens digit of 37567?
6
What is the units digit of 42546?
6
What is the units digit of 714?
4
What is the units digit of 13877?
7
What is the units digit of 9154?
4
What is the hundreds digit of 325?
3
What is the tens digit of 340?
4
What is the units digit of 55600?
0
What is the thousands digit of 4260?
4
What is the thousands digit of 1542?
1
What is the thousands digit of 8213?
8
What is the hundreds digit of 14099?
0
What is the tens digit of 4798?
9
What is the thousands digit of 24122?
4
What is the units digit of 2580?
0
What is the thousands digit of 16314?
6
What is the ten thousands digit of 27378?
2
What is the thousands digit of 26405?
6
What is the tens digit of 1075?
7
What is the hundred thousands digit of 100994?
1
What is the hundreds digit of 3222?
2
What is the hundreds digit of 448?
4
What is the units digit of 679?
9
What is the ten thousands digit of 45143?
4
What is the thousands digit of 17443?
7
What is the units digit of 1129?
9
What is the tens digit of 481?
8
What is the hundreds digit of 1038?
0
What is the thousands digit of 5510?
5
What is the thousands digit of 62317?
2
What is the hundreds digit of 903?
9
What is the hundreds digit of 132188?